ors of 6066.
2, 3, 337
What are the prime factors of 553?
7, 79
List the prime factors of 75582.
2, 3, 13, 17, 19
What are the prime factors of 551?
19, 29
List the prime factors of 46783.
11, 4253
List the prime factors of 13589.
107, 127
List the prime factors of 254.
2, 127
List the prime factors of 46679.
46679
List the prime factors of 942.
2, 3, 157
List the prime factors of 1918.
2, 7, 137
List the prime factors of 15892.
2, 29, 137
What are the prime factors of 6973?
19, 367
What are the prime factors of 105564?
2, 3, 19, 463
What are the prime factors of 43467?
3, 14489
What are the prime factors of 1717?
17, 101
What are the prime factors of 5697?
3, 211
What are the prime factors of 249?
3, 83
What are the prime factors of 120017?
120017
List the prime factors of 5621.
7, 11, 73
What are the prime factors of 1112?
2, 139
List the prime factors of 5309.
5309
What are the prime factors of 164?
2, 41
What are the prime factors of 37523?
157, 239
What are the prime factors of 9193?
29, 317
List the prime factors of 8440.
2, 5, 211
List the prime factors of 143798.
2, 71899
List the prime factors of 104736.
2, 3, 1091
List the prime factors of 710.
2, 5, 71
What are the prime factors of 5304?
2, 3, 13, 17
What are the prime factors of 57293?
23, 47, 53
What are the prime factors of 13327?
13327
What are the prime factors of 5696?
2, 89
What are the prime factors of 38763?
3, 59, 73
What are the prime factors of 4621?
4621
List the prime factors of 12462.
2, 3, 31, 67
List the prime factors of 42768.
2, 3, 11
What are the prime factors of 176843?
89, 1987
List the prime factors of 7389.
3, 821
List the prime factors of 6332.
2, 1583
List the prime factors of 8073.
3, 13, 23
List the prime factors of 5357.
11, 487
List the prime factors of 9885.
3, 5, 659
What are the prime factors of 5159?
7, 11, 67
What are the prime factors of 96338?
2, 11, 29, 151
List the prime factors of 78638.
2, 7, 41, 137
What are the prime factors of 44189?
44189
What are the prime factors of 31577?
7, 13, 347
What are the prime factors of 1364?
2, 11, 31
What are the prime factors of 65551?
65551
List the prime factors of 982.
2, 491
List the prime factors of 17714.
2, 17, 521
What are the prime factors of 92514?
2, 3, 17, 907
What are the prime factors of 1250?
2, 5
What are the prime factors of 3885?
3, 5, 7, 37
List the prime factors of 48698.
2, 13, 1873
List the prime factors of 115035.
3, 5, 7669
What are the prime factors of 42408?
2, 3, 19, 31
List the prime factors of 6294.
2, 3, 1049
List the prime factors of 768.
2, 3
What are the prime factors of 150287?
150287
What are the prime factors of 22865?
5, 17, 269
What are the prime factors of 946?
2, 11, 43
List the prime factors of 2904.
2, 3, 11
What are the prime factors of 109662?
2, 3, 7, 373
List the prime factors of 4677.
3, 1559
List the prime factors of 1499.
1499
List the prime factors of 4488.
2, 3, 11, 17
List the prime factors of 1065.
3, 5, 71
List the prime factors of 2455.
5, 491
List the prime factors of 15752.
2, 11, 179
List the prime factors of 4774.
2, 7, 11, 31
List the prime factors of 6005.
5, 1201
What are the prime factors of 15162?
2, 3, 7, 19
What are the prime factors of 8455?
5, 19, 89
What are the prime factors of 2730?
2, 3, 5, 7, 13
List the prime factors of 19651.
43, 457
What are the prime factors of 143?
11, 13
List the prime factors of 13005.
3, 5, 17
List the prime factors of 16202.
2, 8101
List the prime factors of 1190.
2, 5, 7, 17
List the prime factors of 106288.
2, 7, 13, 73
List the prime factors of 10562.
2, 5281
List the prime factors of 5423.
11, 17, 29
What are the prime factors of 548?
2, 137
What are the prime factors of 21224?
2, 7, 379
List the prime factors of 74386.
2, 13, 2861
What are the prime factors of 23825?
5, 953
List the prime factors of 56565.
3, 5, 419
List the prime factors of 1662.
2, 3, 277
List the prime factors of 2350.
2, 5, 47
What are the prime factors of 537?
3, 179
What are the prime factors of 36632?
2, 19, 241
What are the prime factors of 22181?
41, 541
List the prime factors of 46.
2, 23
List the prime factors of 4477.
11, 37
What are the prime factors of 902?
2, 11, 41
What are the prime factors of 62520?
2, 3, 5, 521
What are the prime factors of 11219?
13, 863
What are the prime factors of 40876?
2, 11, 929
What are the prime factors of 755?
5, 151
What are the prime factors of 62378?
2, 31189
List the prime factors of 693.
3, 7, 11
What are the prime factors of 46518?
2, 3, 7753
What are the prime factors of 3153?
3, 1051
What are the prime factors of 4475?
5, 179
What are the prime factors of 38801?
7, 23, 241
What are the prime factors of 1352?
2, 13
List the prime factors of 3657.
3, 23, 53
What are the prime factors of 5725?
5, 229
List the prime factors of 848.
2, 53
What are the prime factors of 6357?
3, 13, 163
List the prime factors of 30872.
2, 17, 227
List the prime factors of 3270.
2, 3, 5, 109
List the prime factors of 637.
7, 13
List the prime factors of 45995.
5, 9199
What are the prime factors of 6678?
2, 3, 7, 53
List the prime factors of 24039.
3, 2671
What are the prime factors of 1176?
2, 3, 7
What are the prime factors of 235?
5, 47
What are the prime factors of 7596?
2, 3, 211
List the prime factors of 942.
2, 3, 157
List the prime factors of 86319.
3, 23, 139
What are the prime factors of 2050?
2, 5, 41
What are the prime factors of 741?
3, 13, 19
List the prime factors of 1365.
3, 5, 7, 13
What are the prime factors of 3814?
2, 1907
List the prime factors of 3236.
2, 809
What are the prime factors of 8307?
3, 13, 71
List the prime factors of 26083.
26083
What are the prime factors of 120677?
120677
What are the prime factors of 719?
719
What are the prime factors of 50?
2, 5
What are the prime factors of 28492?
2, 17, 419
What are the prime factors of 19756?
2, 11, 449
What are the prime factors of 2213?
2213
What are the prime factors of 171397?
101, 1697
List the prime factors of 1575.
3, 5, 7
What are the prime factors of 390?
2, 3, 5, 13
What are the prime factors of 578?
2, 17
What are the prime factors of 2612?
2, 653
List the prime factors of 6664.
2, 7, 17
What are the prime factors of 811?
811
List the prime factors of 3317.
31, 107
What are the prime factors of 6105?
3, 5, 11, 37
What are the prime factors of 6783?
3, 7, 17, 19
List the prime factors of 1891.
31, 61
List the prime factors of 52012.
2, 13003
What are the prime factors of 4914?
2, 3, 7, 13
What are the prime factors of 8759?
19, 461
What are the prime factors of 17120?
2, 5, 107
What are the prime factors of 6236?
2, 1559
List the prime factors of 58384.
2, 41, 89
List the prime factors of 2140.
2, 5, 107
List the prime factors of 86858.
2, 137, 317
List the prime factors of 81477.
3, 11, 823
What are the prime factors of 54129?
3, 18043
What are the prime factors of 7587?
3, 281
List the prime factors of 49937.
49937
What are the prime factors of 15530?
2, 5, 1553
List the prime factors of 3268.
2, 19, 43
What are the prime factors of 61?
61
List the prime factors of 7726.
2, 3863
What are the prime factors of 5125?
5, 41
What are the prime factors of 66547?
13, 5119
What are the prime factors of 2040?
2, 3, 5, 17
What are the prime factors of 3701?
3701
What are the prime factors of 1934?
2, 967
What are the prime factors of 588?
2, 3, 7
What are the prime factors of 7493?
59, 127
List the prime factors of 774.
2, 3, 43
What are the prime factors of 145837?
41, 3557
List the prime factors of 36766.
2, 31, 593
What are the prime factors of 1475?
5, 59
List the prime factors of 584.
2, 73
List the prime factors of 1041.
3, 347
What are the prime factors of 162?
2, 3
List the prime factors of 4254.
2, 3, 709
List the prime factors of 92.
2, 23
What are the prime factors of 13101?
3, 11, 397
What are the prime factors of 557?
557
List the prime factors of 12968.
2, 1621
What are the prime factors of 3013?
23, 131
List the prime factors of 41199.
3, 31, 443
What are the prime factors of 13284?
2, 3, 41
List the prime factors of 12442.
2, 6221
What are the prime factors of 2410?
2, 5, 241
What are the prime factors of 21223?
19, 1117
List the prime factors of 2254.
2, 7, 23
List the prime factors of 6623.
37, 179
What are the